*f - 37 - 49 = 0. What is o(f)?
0
Let l(n) = 4*n**2 - 36*n + 7. Let t be l(9). Let q(j) = -j**2 + 7*j - 7. Calculate q(t).
-7
Let j(o) be the second derivative of 0 + 1/6*o**3 + 7/2*o**2 + o. Give j(-5).
2
Let i(r) = -r**2 - r + 6. Let m = 1 + 3. Suppose k - 292 + 293 = 0. Let z = k - m. Determine i(z).
-14
Let k(t) = -9*t - 32. Suppose 2 = -15*m - 58. Give k(m).
4
Suppose -3*v - 48 + 6 = -3*g, 4*v + 3*g = -42. Let f(w) = w + 13. Determine f(v).
1
Let y(z) = -445*z - 3 - 445*z + 891*z. Let k(m) = -m**2 + 3*m. Let p be k(4). Give y(p).
-7
Let f(a) be the first derivative of -a**3/3 - 3*a**2 + 5*a - 20. Determine f(-5).
10
Let z(o) = -o**3 - 2*o**2 + 5*o + 4. Let c be z(-3). Suppose 174*r = 167*r + 14. Let a(h) = -5 - r*h + 6*h + 6. Give a(c).
-7
Let r(p) = p**2 + p + 3. Let s(z) = -4*z**2 - 3*z - 11. Let q(c) = 9*r(c) + 2*s(c). Let o(k) = -k**2 - 4*k - 4. Let w(m) = -3*o(m) - 2*q(m). Give w(-7).
9
Suppose 0 = 29*k + 34 - 237. Let b(f) = -f + 14. Determine b(k).
7
Let m(u) = 5*u - 87. Let r(b) = -4*b + 43. Let z(d) = 3*m(d) + 5*r(d). Calculate z(-11).
9
Suppose 32 - 86 = -9*w. Let g(a) = -7 + 286*a**2 - 287*a**2 + w*a - 4*a. What is g(5)?
-22
Let z(y) = -2*y**2 - 4*y. Let g be z(-2). Suppose -4*o = -g - 8. Let w(p) = 9*p. Let j(n) = -n. Let t(r) = -21*j(r) - 2*w(r). Determine t(o).
6
Suppose -135 = -6*v + v. Suppose 0 = -v*g + 32*g + 30. Let y(f) = f + 6. Calculate y(g).
0
Let k(z) = -2*z**2 + 75*z + 151. Let n be k(-2). Let w(t) = t**3 + 6*t**2 - 2*t + 8. Give w(n).
-27
Let g(t) be the third derivative of t**4/24 + 5*t**3/2 + 56*t**2 + 1. Calculate g(0).
15
Let u(x) = -x**2 + 7*x - 8. Let j be 2/(-12) + (-6)/(-36). Let i be 2 - (-7 - j/2). Let t be i/1 + -3 + 1. Give u(t).
-8
Let s(r) be the third derivative of -r**4/12 + 5*r**3/6 - 27*r**2 + 2*r. Determine s(-4).
13
Let r(v) = v**3 - 10*v**2 + v - 11. Suppose -2*x - 24 = -44. Give r(x).
-1
Let w be 3*(0 + 1) - 0. Let z(j) be the third derivative of j**5/60 - j**4/12 - j**3/6 - j**2 - 18. Give z(w).
2
Let m be 3 + (-1*3 - (3 - 8)). Suppose -m*p = -3 - 7. Let r(f) = -2*f**2 + f + 2. Let w(y) = 6*y**2 - 3*y - 5. Let c(v) = 8*r(v) + 3*w(v). Determine c(p).
7
Let p(y) = -2*y**3 + 2*y**2 + 4*y + 2. Let r be (-5 - -25)/5 - 6. What is p(r)?
18
Let x(a) = 11 - 8 - 2*a - 4 - 6 - 9. Determine x(-7).
-2
Let j = -5 - -11. Let w(m) = -19258 + 19258 - 2*m. Determine w(j).
-12
Suppose 0 = 4*v - y + 34, -3*y + 32 = -3*v + 2. Let z(a) = a. Determine z(v).
-8
Suppose 8 - 23 = 3*v. Let d(n) = -13*n**3 + 34*n**2 + 18*n + 13. Let b(j) = 5*j**3 - 12*j**2 - 6*j - 4. Let f(o) = 8*b(o) + 3*d(o). Give f(v).
2
Suppose 3*t - 5*t + 2 = 3*f, 2*f - 13 = -3*t. Let y(r) = r - r + 8 - t - r**2. Suppose 9*c = 14*c. Calculate y(c).
1
Let i(w) = w**2 + 17*w + 6. Suppose 4*v - d + 61 = 0, 5*v + 87 - 10 = d. Let a be i(v). Let z be 9/2 + a/(-20). Let s(b) = -b - 6. What is s(z)?
-11
Suppose -4*x - 5*z - 40 = -30, -2*x - 6 = 3*z. Let y(p) = -p - 54. Give y(x).
-54
Let b(y) = 1. Let m(f) = -4 + 4 + 3*f - 2*f. Let l(t) = -5*b(t) - m(t). Give l(-5).
0
Let v(j) be the first derivative of 7*j**3/3 + j**2 - 2*j + 115. Suppose 4*t + 4 + 4 = 0. Give v(t).
22
Suppose 5*m - 5 - 20 = -4*a, 25 = 5*m - 2*a. Suppose -2*p = d - 5, d + 5 = -m*p + 2*d. Let v(o) = -o**2 + 2*o**2 + 5 - 3. Determine v(p).
2
Let t = 28 + -22. Let i(c) = 4*c - 1 + 2*c + t*c - 11*c. Let r(u) = 12*u - 10. Let l(b) = -10*i(b) + r(b). Give l(6).
12
Let m(t) = -5*t**2 + 271*t - 50. Let u be m(54). Let d(v) = -2*v**3 + 9*v**2 - 2*v - 2. Determine d(u).
6
Let w(b) be the first derivative of b**2/2 + 2*b - 44. Calculate w(7).
9
Suppose 0 = -7*j + 3*j - 24. Let a(f) be the first derivative of -2*f**3 - 1/4*f**4 + 7*f + 1/2*f**2 - 3. Give a(j).
1
Let t(q) = 21*q**2 - 3. Let p(x) = 11*x**2 - 1. Let b(a) = -5*p(a) + 2*t(a). Let s be 5/5*17/(-17). Determine b(s).
-14
Let h be ((-6)/(-4))/((-8)/64). Let j be (-3)/(1/(20/h)). Suppose 2*z - 10 + 0 = -j*f, f - 5 = -z. Let i(y) = -y**2 + 6*y - 6. Calculate i(z).
-1
Let i(l) = 4*l - 8 - 16*l + 15*l. Let s = 8 + -2. Determine i(s).
10
Suppose 24*q + 37*q + 305 = 0. Let z(s) = -s - 11. What is z(q)?
-6
Let q(b) = 3*b + 3. Let p(g) = 6*g + 6. Let i(f) = 2*p(f) - 5*q(f). Calculate i(-3).
6
Let f(c) = -15 - 21*c + 8*c + 16*c - 8. Calculate f(7).
-2
Let a be (-255)/35 - -3 - (-2)/7. Let k(j) = -j**3 - 5*j**2 - 5*j + 1. Give k(a).
5
Let x(d) = -3*d - 27 - 33 + 87 - 35 - d**2. Give x(-6).
-26
Let w(p) = -3 + 2*p + 0 - 10 + 19 - 5 - p**2. Determine w(2).
1
Let h(v) be the second derivative of -1/4*v**4 - 1/2*v**2 - 5 - 7*v - 1/20*v**5 + 0*v**3. Calculate h(-3).
-1
Let z = 111 + -105. Let q(h) = -h**2 + 4*h + 1. What is q(z)?
-11
Suppose -3*w - 2*w + 20 = 0. Suppose -3*h - 4*p = -h - 56, -p + w = 0. Suppose -4*v = -0*v + h. Let y(g) = -g**3 - 4*g**2 + 7*g + 2. Calculate y(v).
-8
Suppose 9*r - 2*r - 14 = 0. Let h be r/(-7) - (-18)/14. Let o(y) = -2*y**3 - y**2 + 1. Calculate o(h).
-2
Let y(o) = -o**3 + o + 2. Let n(g) = 8 + 3*g**2 - 13 + 5 + g. Let b be n(1). Suppose 3*t - b = 2. Give y(t).
-4
Let x(s) = -4109 + 4109 + 15*s. Give x(1).
15
Let c(s) = -2*s**2 - 4*s + 6. Let p(l) = l**2 - 3*l + 15. Let i(h) = -h**2 + h - 8. Let j(f) = -5*i(f) - 3*p(f). Let x(t) = -2*c(t) - 3*j(t). Calculate x(2).
-13
Let c(l) be the third derivative of -l**6/360 - l**5/40 + l**4/4 + 16*l**2. Let z(s) be the second derivative of c(s). Give z(-3).
3
Let z(k) = 7*k + 26. Let h(p) = -10*p - 38. Let j(q) = -5*h(q) - 7*z(q). Let l = -35 + 31. Give j(l).
4
Let n(d) = -d**2 - 4*d. Let k(g) = -3*g - 22. Let j be k(-11). Let f be -2 + 1 + -1 + 4. Suppose f*a = 3 - j. Give n(a).
0
Let o(w) = -8 + 5*w**2 - 1883*w**3 + 1884*w**3 - 11*w + w. Give o(-7).
-36
Let k(f) = -f. Let s(q) = -q**3 + 11*q**2 - 12*q - 6. Let g be s(9). Let r = -45 + g. Give k(r).
-3
Let v(g) = g + 3. Suppose 3*m + 9 = -o - 2*o, 5*o = -3*m - 9. Determine v(o).
3
Let z be 0/((2 - 0)*-1). Let c(m) = -2*m**2 + 3*m - 12. Let p(j) = 3*j**2 - 5*j + 23. Let l(d) = 5*c(d) + 3*p(d). What is l(z)?
9
Let n(o) be the first derivative of o**3/3 + 4*o**2 + 4*o + 1. Suppose -30 = -0*p + 6*p. Let u(a) = a**2 + 4*a - 11. Let b be u(p). Give n(b).
-8
Let h(v) = v**2 + v - 3. Let t be h(3). Let u(m) = m - 6. Let d be u(t). Let i(o) = -1 + 3 - d + 6*o**2 - 3*o**2. What is i(-1)?
2
Let m(d) = 3*d + 6. Let u = 1052 + -1060. What is m(u)?
-18
Let c be ((-4)/6)/(((-45)/108)/(-5)). Let m(p) = -4*p - 6. Determine m(c).
26
Suppose 2*z = n - 4 + 14, -z + 5 = 0. Let l = 10 + -4. Let r(b) = 4*b - 3*b + 13 - l. Calculate r(n).
7
Let t(q) = 3*q + 4. Let j = 10 + -4. Suppose -j*z + 26 = -z + 4*o, 4*z - 12 = -o. Suppose -5*m = -z*m + 9. Determine t(m).
-5
Let f(t) = -t**2 - 3*t + 1. Let d be f(-5). Let x be (d*1)/(-3) + 1. Suppose 6 = -2*h - x. Let v(u) = -u**3 - 6*u**2 - 4*u + 2. Give v(h).
-3
Let n(j) = 32*j**2 - j + 3 - 31*j**2 + 6*j. Let a = -26 + 20. What is n(a)?
9
Let q(n) = -n**3 + 4*n**2 - 3*n - 1. Let i(u) = u**3 - 4*u**2 + 3*u + 1. Let c(m) = 6*i(m) + 7*q(m). What is c(4)?
-13
Let v(g) = g**3 + 2*g**2 - 3*g + 3. Let y(t) = -t**3 + 6*t**2 + 11*t - 7. Let l(b) = -b - 1. Let r(z) = 3*l(z) + y(z). Let q be r(7). Determine v(q).
3
Let n(f) be the second derivative of -5*f**4/8 - 3*f**2 - 15*f. Let h(v) be the first derivative of n(v). Determine h(1).
-15
Let l(a) = 7*a**3 + 2*a**2 + 2*a + 10. Let j(i) = i**3 + i**2 + i + 1. Let d(b) = 6*j(b) - l(b). Let u(m) = -11*m - 4 + 8*m + 5*m. Let z be u(4). Give d(z).
12
Suppose -45 = -88*f + 93*f. Let z(a) = -a**2 - 8*a - 11. Determine z(f).
-20
Suppose -8*f + 10 = 34. Let g(y) = -y**3 - 2*y**2 + y + 3. What is g(f)?
9
Let z(j) = -j + 18. Let n(c) = -c**3 - 36*c**2 - 67*c + 40. Let o be n(-34). Calculate z(o).
12
Suppose 0 = -2*t + 4*t + 3*n - 24, -3*t = 3*n - 30. Let q be (-3)/6*t*(-2)/(-6). Let a(w) = 12*w**3 - 2*w - 1. What is a(q)?
-11
Let f(g) be the third derivative of 7*g**4/24 - g**3/6 - 317*g**2 + 1. Give f(0).
-1
Let w(u) = -13*u - 23. Let r be w(-2). Let o(t) = t**2 - 3*t - 2. Calculate o(r).
-2
Let v(u) = u**3 - 5*u**2 + 5*u - 3. Let b be (10/8)/(6/24). Suppose -4*t = i + 13, -5*i - b*t = -10*t + 15. Let h be -3 + i/((-5)/7). Give v(h).
1
Let a(t) = 13*t**2 + 4*t - 11. Let u(y) = 12*y**2 + 4*y - 9. Let g(f) = 5*a(f) - 6*u(f). Determine g(-3).
-52
Let f be 2/((-17)/(1530/20)). Let u(